{"id":50,"date":"2018-08-13T15:34:15","date_gmt":"2018-08-13T13:34:15","guid":{"rendered":"http:\/\/collectifj.be\/?page_id=50"},"modified":"2023-05-26T16:16:25","modified_gmt":"2023-05-26T14:16:25","slug":"contact","status":"publish","type":"page","link":"https:\/\/collectifj.be\/?page_id=50","title":{"rendered":"Devenir membre du Collectif J"},"content":{"rendered":"<p>[et_pb_section fb_built=\u00a0\u00bb1&Prime; prev_background_color=\u00a0\u00bb#ffffff\u00a0\u00bb admin_label=\u00a0\u00bbCall To Action\u00a0\u00bb _builder_version=\u00a0\u00bb4.16&Prime; use_background_color_gradient=\u00a0\u00bbon\u00a0\u00bb background_color_gradient_direction=\u00a0\u00bb70deg\u00a0\u00bb background_color_gradient_stops=\u00a0\u00bb#ffffff 0%|rgba(255,255,255,0.5) 100%\u00a0\u00bb background_color_gradient_overlays_image=\u00a0\u00bbon\u00a0\u00bb background_color_gradient_start=\u00a0\u00bb#ffffff\u00a0\u00bb background_color_gradient_end=\u00a0\u00bbrgba(255,255,255,0.5)\u00a0\u00bb background_image=\u00a0\u00bbhttp:\/\/collectifj.be\/wp-content\/uploads\/2018\/08\/Logo-MOUV4.png\u00a0\u00bb custom_margin=\u00a0\u00bb|||\u00a0\u00bb custom_padding=\u00a0\u00bb6vw||5vw||false|false\u00a0\u00bb top_divider_style=\u00a0\u00bbmountains2&Prime; top_divider_height=\u00a0\u00bb18vw\u00a0\u00bb top_divider_repeat=\u00a0\u00bb0.5x\u00a0\u00bb bottom_divider_style=\u00a0\u00bbmountains\u00a0\u00bb bottom_divider_color=\u00a0\u00bbrgba(232,232,232,0.46)\u00a0\u00bb bottom_divider_height=\u00a0\u00bb31%\u00a0\u00bb bottom_divider_repeat=\u00a0\u00bb0.5x\u00a0\u00bb bottom_divider_flip=\u00a0\u00bbhorizontal|vertical\u00a0\u00bb global_colors_info=\u00a0\u00bb{}\u00a0\u00bb][et_pb_row _builder_version=\u00a0\u00bb4.16&Prime; background_size=\u00a0\u00bbinitial\u00a0\u00bb background_position=\u00a0\u00bbtop_left\u00a0\u00bb background_repeat=\u00a0\u00bbrepeat\u00a0\u00bb global_colors_info=\u00a0\u00bb{}\u00a0\u00bb][et_pb_column type=\u00a0\u00bb4_4&Prime; _builder_version=\u00a0\u00bb4.16&Prime; custom_padding=\u00a0\u00bb|||\u00a0\u00bb global_colors_info=\u00a0\u00bb{}\u00a0\u00bb custom_padding__hover=\u00a0\u00bb|||\u00a0\u00bb][et_pb_text _builder_version=\u00a0\u00bb4.19.2&Prime; global_colors_info=\u00a0\u00bb{}\u00a0\u00bb]<\/p>\n<h1>Devenir membre du <strong>collectif J<\/strong><\/h1>\n<p>Vous \u00eates une association inter has ruinarum varietates a Nisibi quam tuebatur accitus Vrsicinus, cui nos obsecuturos iunxerat imperiale praeceptum, dispicere litis exitialis certamina cogebatur abnuens et reclamans, adulatorum oblatrantibus turmis, bellicosus sane milesque semper et militum ductor sed forensibus iurgiis longe discretus, qui metu sui discriminis anxius cum accusatores quaesitoresque subditivos sibi consociatos ex isdem foveis cerneret emergentes, quae clam palamve agitabantur, occultis Constantium litteris edocebat inplorans subsidia, quorum metu tumor notissimus Caesaris exhalaret. <strong>Contactez-nous pour devenir un membre actif de la Sous-commission jeunesse<\/strong><\/p>\n<p>[\/et_pb_text][\/et_pb_column][\/et_pb_row][\/et_pb_section][et_pb_section fb_built=\u00a0\u00bb1&Prime; _builder_version=\u00a0\u00bb4.16&Prime; custom_margin=\u00a0\u00bb-7px|||||\u00a0\u00bb custom_padding=\u00a0\u00bb58px|||||\u00a0\u00bb top_divider_style=\u00a0\u00bbmountains2&Prime; top_divider_color=\u00a0\u00bbrgba(234,234,234,0.42)\u00a0\u00bb global_colors_info=\u00a0\u00bb{}\u00a0\u00bb][et_pb_row column_structure=\u00a0\u00bb2_3,1_3&Prime; _builder_version=\u00a0\u00bb4.16&Prime; background_size=\u00a0\u00bbinitial\u00a0\u00bb background_position=\u00a0\u00bbtop_left\u00a0\u00bb background_repeat=\u00a0\u00bbrepeat\u00a0\u00bb global_colors_info=\u00a0\u00bb{}\u00a0\u00bb][et_pb_column type=\u00a0\u00bb2_3&Prime; _builder_version=\u00a0\u00bb4.16&Prime; custom_padding=\u00a0\u00bb|||\u00a0\u00bb global_colors_info=\u00a0\u00bb{}\u00a0\u00bb custom_padding__hover=\u00a0\u00bb|||\u00a0\u00bb][et_pb_contact_form email=\u00a0\u00bbcaroline.sterckx@saint-nicolas.be\u00a0\u00bb title=\u00a0\u00bbNous contacter\u00a0\u00bb custom_message=\u00a0\u00bbPr\u00e9ciser les r\u00e9f\u00e9rences de votre association ainsi que les raisons pour lesquelles vous d\u00e9sirez devenir membre. \u00a0\u00bb success_message=\u00a0\u00bbMerci de votre int\u00e9r\u00eat, nous traitons votre mail dans les plus brefs d\u00e9lais. \u00a0\u00bb module_id=\u00a0\u00bbet_pb_contact_form_0&Prime; _builder_version=\u00a0\u00bb4.19.2&Prime; _unique_id=\u00a0\u00bb4d2ddc02-a4cd-4248-af20-ef61415efb69&Prime; form_field_background_color=\u00a0\u00bbrgba(242,242,242,0.85)\u00a0\u00bb title_font_size=\u00a0\u00bb50px\u00a0\u00bb custom_button=\u00a0\u00bbon\u00a0\u00bb button_text_color=\u00a0\u00bb#ffffff\u00a0\u00bb hover_enabled=\u00a0\u00bb0&Prime; form_background_color=\u00a0\u00bbrgba(242,242,242,0.85)\u00a0\u00bb global_colors_info=\u00a0\u00bb{}\u00a0\u00bb sticky_enabled=\u00a0\u00bb0&Prime;][et_pb_contact_field field_id=\u00a0\u00bbName\u00a0\u00bb field_title=\u00a0\u00bbNom\u00a0\u00bb _builder_version=\u00a0\u00bb4.16&Prime; global_colors_info=\u00a0\u00bb{}\u00a0\u00bb button_text_size__hover_enabled=\u00a0\u00bboff\u00a0\u00bb button_one_text_size__hover_enabled=\u00a0\u00bboff\u00a0\u00bb button_two_text_size__hover_enabled=\u00a0\u00bboff\u00a0\u00bb button_text_color__hover_enabled=\u00a0\u00bboff\u00a0\u00bb button_one_text_color__hover_enabled=\u00a0\u00bboff\u00a0\u00bb button_two_text_color__hover_enabled=\u00a0\u00bboff\u00a0\u00bb button_border_width__hover_enabled=\u00a0\u00bboff\u00a0\u00bb button_one_border_width__hover_enabled=\u00a0\u00bboff\u00a0\u00bb button_two_border_width__hover_enabled=\u00a0\u00bboff\u00a0\u00bb button_border_color__hover_enabled=\u00a0\u00bboff\u00a0\u00bb button_one_border_color__hover_enabled=\u00a0\u00bboff\u00a0\u00bb button_two_border_color__hover_enabled=\u00a0\u00bboff\u00a0\u00bb button_border_radius__hover_enabled=\u00a0\u00bboff\u00a0\u00bb button_one_border_radius__hover_enabled=\u00a0\u00bboff\u00a0\u00bb button_two_border_radius__hover_enabled=\u00a0\u00bboff\u00a0\u00bb button_letter_spacing__hover_enabled=\u00a0\u00bboff\u00a0\u00bb button_one_letter_spacing__hover_enabled=\u00a0\u00bboff\u00a0\u00bb button_two_letter_spacing__hover_enabled=\u00a0\u00bboff\u00a0\u00bb button_bg_color__hover_enabled=\u00a0\u00bboff\u00a0\u00bb button_one_bg_color__hover_enabled=\u00a0\u00bboff\u00a0\u00bb button_two_bg_color__hover_enabled=\u00a0\u00bboff\u00a0\u00bb][\/et_pb_contact_field][et_pb_contact_field field_id=\u00a0\u00bbEmail\u00a0\u00bb field_title=\u00a0\u00bbAdresse e-mail\u00a0\u00bb field_type=\u00a0\u00bbemail\u00a0\u00bb _builder_version=\u00a0\u00bb4.16&Prime; global_colors_info=\u00a0\u00bb{}\u00a0\u00bb button_text_size__hover_enabled=\u00a0\u00bboff\u00a0\u00bb button_one_text_size__hover_enabled=\u00a0\u00bboff\u00a0\u00bb button_two_text_size__hover_enabled=\u00a0\u00bboff\u00a0\u00bb button_text_color__hover_enabled=\u00a0\u00bboff\u00a0\u00bb button_one_text_color__hover_enabled=\u00a0\u00bboff\u00a0\u00bb button_two_text_color__hover_enabled=\u00a0\u00bboff\u00a0\u00bb button_border_width__hover_enabled=\u00a0\u00bboff\u00a0\u00bb button_one_border_width__hover_enabled=\u00a0\u00bboff\u00a0\u00bb button_two_border_width__hover_enabled=\u00a0\u00bboff\u00a0\u00bb button_border_color__hover_enabled=\u00a0\u00bboff\u00a0\u00bb button_one_border_color__hover_enabled=\u00a0\u00bboff\u00a0\u00bb button_two_border_color__hover_enabled=\u00a0\u00bboff\u00a0\u00bb button_border_radius__hover_enabled=\u00a0\u00bboff\u00a0\u00bb button_one_border_radius__hover_enabled=\u00a0\u00bboff\u00a0\u00bb button_two_border_radius__hover_enabled=\u00a0\u00bboff\u00a0\u00bb button_letter_spacing__hover_enabled=\u00a0\u00bboff\u00a0\u00bb button_one_letter_spacing__hover_enabled=\u00a0\u00bboff\u00a0\u00bb button_two_letter_spacing__hover_enabled=\u00a0\u00bboff\u00a0\u00bb button_bg_color__hover_enabled=\u00a0\u00bboff\u00a0\u00bb button_one_bg_color__hover_enabled=\u00a0\u00bboff\u00a0\u00bb button_two_bg_color__hover_enabled=\u00a0\u00bboff\u00a0\u00bb][\/et_pb_contact_field][et_pb_contact_field field_id=\u00a0\u00bbMessage\u00a0\u00bb field_title=\u00a0\u00bbMessage\u00a0\u00bb field_type=\u00a0\u00bbtext\u00a0\u00bb fullwidth_field=\u00a0\u00bbon\u00a0\u00bb _builder_version=\u00a0\u00bb4.16&Prime; global_colors_info=\u00a0\u00bb{}\u00a0\u00bb button_text_size__hover_enabled=\u00a0\u00bboff\u00a0\u00bb button_one_text_size__hover_enabled=\u00a0\u00bboff\u00a0\u00bb button_two_text_size__hover_enabled=\u00a0\u00bboff\u00a0\u00bb button_text_color__hover_enabled=\u00a0\u00bboff\u00a0\u00bb button_one_text_color__hover_enabled=\u00a0\u00bboff\u00a0\u00bb button_two_text_color__hover_enabled=\u00a0\u00bboff\u00a0\u00bb button_border_width__hover_enabled=\u00a0\u00bboff\u00a0\u00bb button_one_border_width__hover_enabled=\u00a0\u00bboff\u00a0\u00bb button_two_border_width__hover_enabled=\u00a0\u00bboff\u00a0\u00bb button_border_color__hover_enabled=\u00a0\u00bboff\u00a0\u00bb button_one_border_color__hover_enabled=\u00a0\u00bboff\u00a0\u00bb button_two_border_color__hover_enabled=\u00a0\u00bboff\u00a0\u00bb button_border_radius__hover_enabled=\u00a0\u00bboff\u00a0\u00bb button_one_border_radius__hover_enabled=\u00a0\u00bboff\u00a0\u00bb button_two_border_radius__hover_enabled=\u00a0\u00bboff\u00a0\u00bb button_letter_spacing__hover_enabled=\u00a0\u00bboff\u00a0\u00bb button_one_letter_spacing__hover_enabled=\u00a0\u00bboff\u00a0\u00bb button_two_letter_spacing__hover_enabled=\u00a0\u00bboff\u00a0\u00bb button_bg_color__hover_enabled=\u00a0\u00bboff\u00a0\u00bb button_one_bg_color__hover_enabled=\u00a0\u00bboff\u00a0\u00bb button_two_bg_color__hover_enabled=\u00a0\u00bboff\u00a0\u00bb][\/et_pb_contact_field][\/et_pb_contact_form][\/et_pb_column][et_pb_column type=\u00a0\u00bb1_3&Prime; _builder_version=\u00a0\u00bb4.16&Prime; custom_padding=\u00a0\u00bb|||\u00a0\u00bb global_colors_info=\u00a0\u00bb{}\u00a0\u00bb custom_padding__hover=\u00a0\u00bb|||\u00a0\u00bb][et_pb_image src=\u00a0\u00bbhttp:\/\/collectifj.be\/wp-content\/uploads\/2022\/12\/logo-CollectifJ-bordure-_Plan-de-travail-1-01.png\u00a0\u00bb title_text=\u00a0\u00bblogo-CollectifJ-bordure-_Plan de travail 1-01&Prime; align_tablet=\u00a0\u00bbcenter\u00a0\u00bb align_phone=\u00a0\u00bbcenter\u00a0\u00bb align_last_edited=\u00a0\u00bbon|desktop\u00a0\u00bb _builder_version=\u00a0\u00bb4.19.2&Prime; global_colors_info=\u00a0\u00bb{}\u00a0\u00bb][\/et_pb_image][\/et_pb_column][\/et_pb_row][\/et_pb_section]<\/p>\n","protected":false},"excerpt":{"rendered":"<p>Devenir membre du collectif J Vous \u00eates une association inter has ruinarum varietates a Nisibi quam tuebatur accitus Vrsicinus, cui nos obsecuturos iunxerat imperiale praeceptum, dispicere litis exitialis certamina cogebatur abnuens et reclamans, adulatorum oblatrantibus turmis, bellicosus sane milesque semper et militum ductor sed forensibus iurgiis longe discretus, qui metu sui discriminis anxius cum accusatores [&hellip;]<\/p>\n","protected":false},"author":1,"featured_media":0,"parent":0,"menu_order":0,"comment_status":"closed","ping_status":"closed","template":"","meta":{"_et_pb_use_builder":"on","_et_pb_old_content":"","_et_gb_content_width":"","footnotes":""},"class_list":["post-50","page","type-page","status-publish","hentry"],"yoast_head":"<!-- This site is optimized with the Yoast SEO plugin v27.3 - https:\/\/yoast.com\/product\/yoast-seo-wordpress\/ -->\n<title>COLLECTIFj<\/title>\n<meta name=\"description\" content=\"Devenir membre du Collectif J COLLECTIFj -\" \/>\n<meta name=\"robots\" content=\"index, follow, max-snippet:-1, max-image-preview:large, max-video-preview:-1\" \/>\n<link rel=\"canonical\" href=\"https:\/\/collectifj.be\/?page_id=50\" \/>\n<meta property=\"og:locale\" content=\"fr_FR\" \/>\n<meta property=\"og:type\" content=\"article\" \/>\n<meta property=\"og:title\" content=\"COLLECTIFj\" \/>\n<meta property=\"og:description\" content=\"Devenir membre du Collectif J COLLECTIFj -\" \/>\n<meta property=\"og:url\" content=\"https:\/\/collectifj.be\/?page_id=50\" \/>\n<meta property=\"og:site_name\" content=\"COLLECTIFj\" \/>\n<meta property=\"article:modified_time\" content=\"2023-05-26T14:16:25+00:00\" \/>\n<meta property=\"og:image\" content=\"https:\/\/collectifj.be\/wp-content\/uploads\/2025\/04\/logo-CollectifJ-bordure-_Plan-de-travail-1-01-480x428-1.png\" \/>\n\t<meta property=\"og:image:width\" content=\"480\" \/>\n\t<meta property=\"og:image:height\" content=\"428\" \/>\n\t<meta property=\"og:image:type\" content=\"image\/png\" \/>\n<meta name=\"twitter:card\" content=\"summary_large_image\" \/>\n<meta name=\"twitter:label1\" content=\"Dur\u00e9e de lecture estim\u00e9e\" \/>\n\t<meta name=\"twitter:data1\" content=\"5 minutes\" \/>\n<script type=\"application\/ld+json\" class=\"yoast-schema-graph\">{\"@context\":\"https:\\\/\\\/schema.org\",\"@graph\":[{\"@type\":\"WebPage\",\"@id\":\"https:\\\/\\\/collectifj.be\\\/?page_id=50\",\"url\":\"https:\\\/\\\/collectifj.be\\\/?page_id=50\",\"name\":\"COLLECTIFj\",\"isPartOf\":{\"@id\":\"https:\\\/\\\/collectifj.be\\\/#website\"},\"datePublished\":\"2018-08-13T13:34:15+00:00\",\"dateModified\":\"2023-05-26T14:16:25+00:00\",\"description\":\"Devenir membre du Collectif J COLLECTIFj -\",\"breadcrumb\":{\"@id\":\"https:\\\/\\\/collectifj.be\\\/?page_id=50#breadcrumb\"},\"inLanguage\":\"fr-FR\",\"potentialAction\":[{\"@type\":\"ReadAction\",\"target\":[\"https:\\\/\\\/collectifj.be\\\/?page_id=50\"]}]},{\"@type\":\"BreadcrumbList\",\"@id\":\"https:\\\/\\\/collectifj.be\\\/?page_id=50#breadcrumb\",\"itemListElement\":[{\"@type\":\"ListItem\",\"position\":1,\"name\":\"Accueil\",\"item\":\"https:\\\/\\\/collectifj.be\\\/\"},{\"@type\":\"ListItem\",\"position\":2,\"name\":\"Devenir membre du Collectif J\"}]},{\"@type\":\"WebSite\",\"@id\":\"https:\\\/\\\/collectifj.be\\\/#website\",\"url\":\"https:\\\/\\\/collectifj.be\\\/\",\"name\":\"COLLECTIFj\",\"description\":\"Collectif J\",\"publisher\":{\"@id\":\"https:\\\/\\\/collectifj.be\\\/#organization\"},\"alternateName\":\"Collectif Jeunesse Saint-Nicolas\",\"potentialAction\":[{\"@type\":\"SearchAction\",\"target\":{\"@type\":\"EntryPoint\",\"urlTemplate\":\"https:\\\/\\\/collectifj.be\\\/?s={search_term_string}\"},\"query-input\":{\"@type\":\"PropertyValueSpecification\",\"valueRequired\":true,\"valueName\":\"search_term_string\"}}],\"inLanguage\":\"fr-FR\"},{\"@type\":\"Organization\",\"@id\":\"https:\\\/\\\/collectifj.be\\\/#organization\",\"name\":\"COLLECTIFj\",\"url\":\"https:\\\/\\\/collectifj.be\\\/\",\"logo\":{\"@type\":\"ImageObject\",\"inLanguage\":\"fr-FR\",\"@id\":\"https:\\\/\\\/collectifj.be\\\/#\\\/schema\\\/logo\\\/image\\\/\",\"url\":\"https:\\\/\\\/collectifj.be\\\/wp-content\\\/uploads\\\/2025\\\/04\\\/logo-CollectifJ-bordure-_Plan-de-travail-1-01-480x428-1.png\",\"contentUrl\":\"https:\\\/\\\/collectifj.be\\\/wp-content\\\/uploads\\\/2025\\\/04\\\/logo-CollectifJ-bordure-_Plan-de-travail-1-01-480x428-1.png\",\"width\":480,\"height\":428,\"caption\":\"COLLECTIFj\"},\"image\":{\"@id\":\"https:\\\/\\\/collectifj.be\\\/#\\\/schema\\\/logo\\\/image\\\/\"}}]}<\/script>\n<!-- \/ Yoast SEO plugin. -->","yoast_head_json":{"title":"COLLECTIFj","description":"Devenir membre du Collectif J COLLECTIFj -","robots":{"index":"index","follow":"follow","max-snippet":"max-snippet:-1","max-image-preview":"max-image-preview:large","max-video-preview":"max-video-preview:-1"},"canonical":"https:\/\/collectifj.be\/?page_id=50","og_locale":"fr_FR","og_type":"article","og_title":"COLLECTIFj","og_description":"Devenir membre du Collectif J COLLECTIFj -","og_url":"https:\/\/collectifj.be\/?page_id=50","og_site_name":"COLLECTIFj","article_modified_time":"2023-05-26T14:16:25+00:00","og_image":[{"width":480,"height":428,"url":"https:\/\/collectifj.be\/wp-content\/uploads\/2025\/04\/logo-CollectifJ-bordure-_Plan-de-travail-1-01-480x428-1.png","type":"image\/png"}],"twitter_card":"summary_large_image","twitter_misc":{"Dur\u00e9e de lecture estim\u00e9e":"5 minutes"},"schema":{"@context":"https:\/\/schema.org","@graph":[{"@type":"WebPage","@id":"https:\/\/collectifj.be\/?page_id=50","url":"https:\/\/collectifj.be\/?page_id=50","name":"COLLECTIFj","isPartOf":{"@id":"https:\/\/collectifj.be\/#website"},"datePublished":"2018-08-13T13:34:15+00:00","dateModified":"2023-05-26T14:16:25+00:00","description":"Devenir membre du Collectif J COLLECTIFj -","breadcrumb":{"@id":"https:\/\/collectifj.be\/?page_id=50#breadcrumb"},"inLanguage":"fr-FR","potentialAction":[{"@type":"ReadAction","target":["https:\/\/collectifj.be\/?page_id=50"]}]},{"@type":"BreadcrumbList","@id":"https:\/\/collectifj.be\/?page_id=50#breadcrumb","itemListElement":[{"@type":"ListItem","position":1,"name":"Accueil","item":"https:\/\/collectifj.be\/"},{"@type":"ListItem","position":2,"name":"Devenir membre du Collectif J"}]},{"@type":"WebSite","@id":"https:\/\/collectifj.be\/#website","url":"https:\/\/collectifj.be\/","name":"COLLECTIFj","description":"Collectif J","publisher":{"@id":"https:\/\/collectifj.be\/#organization"},"alternateName":"Collectif Jeunesse Saint-Nicolas","potentialAction":[{"@type":"SearchAction","target":{"@type":"EntryPoint","urlTemplate":"https:\/\/collectifj.be\/?s={search_term_string}"},"query-input":{"@type":"PropertyValueSpecification","valueRequired":true,"valueName":"search_term_string"}}],"inLanguage":"fr-FR"},{"@type":"Organization","@id":"https:\/\/collectifj.be\/#organization","name":"COLLECTIFj","url":"https:\/\/collectifj.be\/","logo":{"@type":"ImageObject","inLanguage":"fr-FR","@id":"https:\/\/collectifj.be\/#\/schema\/logo\/image\/","url":"https:\/\/collectifj.be\/wp-content\/uploads\/2025\/04\/logo-CollectifJ-bordure-_Plan-de-travail-1-01-480x428-1.png","contentUrl":"https:\/\/collectifj.be\/wp-content\/uploads\/2025\/04\/logo-CollectifJ-bordure-_Plan-de-travail-1-01-480x428-1.png","width":480,"height":428,"caption":"COLLECTIFj"},"image":{"@id":"https:\/\/collectifj.be\/#\/schema\/logo\/image\/"}}]}},"_links":{"self":[{"href":"https:\/\/collectifj.be\/index.php?rest_route=\/wp\/v2\/pages\/50","targetHints":{"allow":["GET"]}}],"collection":[{"href":"https:\/\/collectifj.be\/index.php?rest_route=\/wp\/v2\/pages"}],"about":[{"href":"https:\/\/collectifj.be\/index.php?rest_route=\/wp\/v2\/types\/page"}],"author":[{"embeddable":true,"href":"https:\/\/collectifj.be\/index.php?rest_route=\/wp\/v2\/users\/1"}],"replies":[{"embeddable":true,"href":"https:\/\/collectifj.be\/index.php?rest_route=%2Fwp%2Fv2%2Fcomments&post=50"}],"version-history":[{"count":19,"href":"https:\/\/collectifj.be\/index.php?rest_route=\/wp\/v2\/pages\/50\/revisions"}],"predecessor-version":[{"id":834,"href":"https:\/\/collectifj.be\/index.php?rest_route=\/wp\/v2\/pages\/50\/revisions\/834"}],"wp:attachment":[{"href":"https:\/\/collectifj.be\/index.php?rest_route=%2Fwp%2Fv2%2Fmedia&parent=50"}],"curies":[{"name":"wp","href":"https:\/\/api.w.org\/{rel}","templated":true}]}}